8467050?
450
What is the highest common factor of 1289119 and 2964?
13
Calculate the greatest common divisor of 90703173 and 1815.
363
Calculate the highest common factor of 31719360 and 7030.
7030
What is the highest common factor of 326048 and 4048?
368
What is the highest common factor of 134 and 4188974?
134
Calculate the greatest common factor of 396 and 206027712.
396
What is the highest common divisor of 13754441 and 365?
73
What is the highest common factor of 6480657 and 54693?
927
Calculate the greatest common factor of 1891812 and 29748.
804
What is the highest common factor of 35225182 and 244?
122
Calculate the greatest common factor of 39512782 and 1268.
634
Calculate the highest common divisor of 15674728 and 491328.
6824
Calculate the highest common factor of 5314 and 745.
1
Calculate the greatest common divisor of 3462591 and 1809577.
3641
Calculate the highest common factor of 1318220 and 9500.
380
What is the highest common factor of 153918 and 3366?
306
What is the highest common factor of 105 and 41609225?
35
What is the greatest common factor of 688 and 852002?
86
Calculate the greatest common factor of 193517 and 52603259.
6673
What is the greatest common divisor of 452 and 19152596?
452
Calculate the greatest common factor of 345194825 and 10900.
2725
Calculate the greatest common factor of 144311937 and 462.
231
Calculate the greatest common divisor of 2774961 and 1134.
63
What is the highest common divisor of 130 and 209155934?
26
What is the greatest common factor of 2760 and 3166755?
345
What is the highest common factor of 9795824 and 1184?
592
What is the greatest common factor of 2716 and 212324?
28
Calculate the greatest common divisor of 4500898 and 3144.
262
What is the greatest common divisor of 1911255 and 470?
235
What is the highest common factor of 12438544 and 4206?
1402
What is the greatest common divisor of 117 and 146428704?
9
What is the greatest common factor of 310656 and 212352?
384
What is the highest common factor of 75561280 and 2752?
64
What is the highest common factor of 7679810 and 2670?
890
What is the highest common factor of 21676601 and 1247?
1247
What is the greatest common divisor of 5525 and 2545036?
221
Calculate the highest common factor of 148 and 85073878.
74
What is the greatest common divisor of 56660 and 1360?
20
Calculate the greatest common divisor of 424860 and 13185.
15
What is the greatest common factor of 108889074 and 18?
18
What is the highest common divisor of 1448 and 36088866?
362
What is the highest common divisor of 94 and 67111?
1
Calculate the greatest common factor of 56175 and 1089046.
749
Calculate the highest common divisor of 121 and 1289849.
11
Calculate the greatest common factor of 1145729 and 2015.
403
What is the greatest common divisor of 33633 and 1739?
37
What is the highest common divisor of 6993 and 3483522?
63
Calculate the greatest common factor of 430 and 1107078.
86
What is the greatest common factor of 21714792 and 174?
6
What is the highest common divisor of 657510 and 420?
210
What is the greatest common divisor of 902 and 40897582?
902
What is the highest common factor of 19343 and 178089?
667
What is the highest common divisor of 49 and 2601319?
7
Calculate the greatest common divisor of 669560 and 1520.
760
Calculate the greatest common factor of 3348002963 and 1019.
1019
What is the greatest common divisor of 51 and 75788431?
17
What is the greatest common divisor of 672813 and 873?
9
What is the highest common factor of 174 and 10685891?
29
Calculate the highest common factor of 380 and 1440370.
10
What is the highest common factor of 103 and 52051?
1
Calculate the greatest common divisor of 21810 and 42741057.
2181
Calculate the highest common factor of 2981 and 2323.
1
What is the greatest common divisor of 72611 and 277365?
451
What is the highest common factor of 1065 and 10586490?
15
Calculate the highest common divisor of 7859278 and 56.
14
What is the highest common divisor of 66300978 and 77162?
1882
What is the greatest common divisor of 9114 and 6107682?
1302
Calculate the highest common factor of 341 and 2995189.
31
What is the greatest common divisor of 90 and 30519198?
18
Calculate the greatest common divisor of 84951504 and 1212.
1212
What is the highest common factor of 39864 and 4609?
11
Calculate the greatest common divisor of 792234 and 27.
27
Calculate the greatest common divisor of 476 and 134218.
14
What is the highest common factor of 2265705 and 104715?
585
What is the greatest common divisor of 3565082 and 4062?
1354
Calculate the greatest common factor of 423735 and 58835.
205
What is the highest common factor of 4821092 and 47276?
212
Calculate the greatest common divisor of 2844 and 21636.
36
Calculate the highest common divisor of 7296 and 9554568.
456
What is the greatest common factor of 3542 and 1781948?
322
Calculate the highest common factor of 1742 and 15690194.
1742
Calculate the greatest common divisor of 15694763 and 1406013.
11431
What is the highest common divisor of 10240 and 8307200?
2560
What is the highest common factor of 158 and 152188681?
79
What is the greatest common divisor of 105985 and 249485?
205
What is the highest common divisor of 1962495 and 7155?
135
Calculate the greatest common factor of 72 and 10926.
18
What is the greatest common divisor of 7677759 and 111?
111
Calculate the highest common divisor of 39844233 and 65.
13
What is the greatest common divisor of 4276254 and 57?
57
What is the greatest common factor of 203406 and 8982750?
1218
What is the highest common factor of 120800 and 269600?
800
What is the greatest common divisor of 131194 and 3262?
14
Calculate the greatest common divisor of 9306153 and 6489.
927
What is the highest common factor of 596465707 and 19691?
2813
Calculate the highest common factor of 1139 and 1505624.
67
What is the highest common factor of 97850 and 33560?
10
What is the highest common divisor of 39466 and 38513178?
5638
Calculate the highest common divisor of 7436848 and 464.
16
Calculate the highest common factor of 2625303 and 102372.
1347
Calculate the greatest common divisor of 315751770 and 5670.
810
Calculate the greatest common factor of 187 and 6054224.
11
Calculate the highest common divisor of 3284 and 167684324.
3284
What is the greatest common divisor of 10 and 14245225?
5
Calculate the greatest common divisor of 2103394860 and 2520.
1260
What is the greatest common divisor of 5915 and 613521545?
5915
What is the highest common divisor of 8603 and 91413?
7
What is the greatest common factor of 4361877 and 153?
153
What is the greatest common divisor of 184042412 and 4324?
4324
What is the greatest common divisor of 7712 and 9189?
1
What is the greatest common divisor of 1243 and 110993685?
1243
What is the greatest common divisor of 23005 and 63640?
215
What is the highest common divisor of 1896465 and 14055?
15
Calculate the greatest common factor of 2116077 and 19248.
1203
Calculate the greatest common divisor of 710512 and 29744.
176
Calculate the highest common divisor of 12107550 and 40495.
455
Calculate the highest common factor of 154166837 and 22.
11
Calculate the greatest common divisor of 803055 and 403.
31
What is the greatest common divisor of 614 and 227863075?
307
Calculate the greatest common divisor of 10494183 and 588.
147
What is the greatest common factor of 256984 and 2705392?
2824
Calculate the greatest common divisor of 5372376 and 60.
12
What is the highest common divisor of 285354 and 229578?
498
What is the greatest common divisor of 50 and 1197545?
5
Calculate the greatest common divisor of 7032 and 672189.
3
What is the highest common factor of 3807 and 1724409?
81
Calculate the highest common divisor of 352261 and 1461421.
1027
Calculate the highest common divisor of 2394 and 2905308.
126
Calculate the highest common factor of 199675 and 441.
49
What is the greatest common factor of 21466661 and 3951?
439
What is the highest common divisor of 118501530 and 1085?
1085
Calculate the greatest common factor of 9951 and 1225833.
93
Calculate the greatest common divisor of 2 and 18513938.
2
What is the greatest common factor of 36270 and 304135?
65
What is the greatest common factor of 80382051 and 178